ed by 176.
5
Let b(c) = 354*c + 5369. Calculate the remainder when 527 is divided by b(-15).
55
Let b(g) = -2 - 24*g - 9*g**3 + 39*g - 4*g**2 - 17*g. Let r(d) = d**3 + 5*d**2 - d + 1. What is the remainder when b(-2) is divided by r(-4)?
16
Suppose 13*f + 241 - 683 = 0. What is the remainder when 802 is divided by f?
20
Suppose 4*w = -3*x + 585, -2*w + 3*x + 18 = -261. What is the remainder when 299 is divided by w?
11
Let y(l) = 6*l - 1. Let i be y(-1). Let w(f) = -f**3 - 8*f**2 + 8*f + 3. Let r be w(i). Let d = 179 + r. What is the remainder when d is divided by 16?
13
Let v = -49 + 156. Suppose -4*t = -15 + 19. Calculate the remainder when v is divided by ((-1148)/205)/(t + (-4)/(-5)).
23
Let f = 142 - 141. Calculate the remainder when (18/6 - f) + 109 is divided by 16.
15
Suppose 0 = 5*n + 3*a - 57 - 138, 225 = 5*n - 3*a. What is the remainder when (-34454)/(-276) + -51 + 7/6 is divided by n?
33
Let x(t) = t**3 + 11*t**2 + 10*t - 1. Let g be x(-10). Let z be g/(-2) - 10/(-4). What is the remainder when 58 is divided by (1 - 3/5)/(z/90)?
10
Suppose 629 - 254 = 5*v. Suppose 2*t = -0*t + 50. Calculate the remainder when v is divided by t.
0
Let m = 124 + -122. Suppose -3*f = 5*i - 24, m*i + 2*i - 5*f = 34. Calculate the remainder when ((-5)/(-2))/(4/56) is divided by i.
5
Suppose -1706*u - 25 = -1709*u + 35. Suppose -j = 2*t - 14, 2*t - 50 = -4*j - 0*t. Calculate the remainder when u is divided by j.
8
Let q(n) = n**3 - 2*n**2 - 51*n + 7. Let v be q(-6). Let j(y) = 15*y - 57. Calculate the remainder when j(v) is divided by 46.
42
Let r = -860 - -846. Let a(j) = -j**2 - 13*j + 43. What is the remainder when 113 is divided by a(r)?
26
Suppose 0 = b + 39 + 11. Let d = b + 92. Let z = d + -39. Calculate the remainder when 10 is divided by z.
1
Let i = -7586 + 7595. Calculate the remainder when 63 is divided by i.
0
What is the remainder when (-46344)/(-28) + 12 + (-5)/35 is divided by 414?
11
Suppose -12465*z = -12494*z + 5858. What is the remainder when z is divided by 10?
2
Let r = -8150 + 8175. Let k be -17 - ((-3)/3 + -2). What is the remainder when (216/k)/((-9)/42) is divided by r?
22
Let y = 1956 - 645. Suppose -y + 1036 = -5*v. What is the remainder when 173 is divided by v?
8
Suppose -8*n = 13*n + 588. Let r = 39 + n. Calculate the remainder when 74 is divided by r.
8
What is the remainder when 65 is divided by 15075/536 - 2/16?
9
Suppose -50 = -10*b + 110. Suppose -40 = -b*x + 232. Calculate the remainder when 79 is divided by x.
11
Suppose -3*a + 3*r = -1461 - 420, 3*r - 2543 = -4*a. Calculate the remainder when a is divided by 205.
17
Let f(l) = l - 21*l + 16*l - 101 + 32*l. Calculate the remainder when f(27) is divided by 14.
11
Suppose -4*h - 12 = -4*l, -4*l + h - 3 = -0. Let i(q) = -2*q**3 - 6*q - 10. What is the remainder when 66 is divided by i(l)?
12
Calculate the remainder when -5 - 27/(-6) - (-28468)/88 is divided by 0*(-2)/6 - -65.
63
Let z(k) = 7*k**2 - 10*k - 16. Suppose -2*w + 4*w - 184 = 0. Suppose -v + 69 = 2*v + i, -4*v - 5*i = -w. What is the remainder when z(-4) is divided by v?
21
Suppose -17 = -2*q + 5. Suppose -q*f - 9 = -14*f. Suppose 6*l = -3*x + f*l + 75, -4 = -2*l. Calculate the remainder when x is divided by 6.
5
Suppose 5*r = 5*h - h - 41, 0 = -5*h + 3*r + 35. Suppose -2*z + 0*z = h*b - 412, 0 = -z + b + 197. What is the remainder when z is divided by 23?
16
Suppose 420*b - 1032 = -w + 425*b, 2*w = 4*b + 2034. What is the remainder when w is divided by 18?
17
What is the remainder when 357 is divided by (2*9/(36/16))/((-36)/(-54))?
9
Suppose -9*z + 75 + 94 - 52 = 0. What is the remainder when 817 is divided by z?
11
Suppose 5*w + 312 = 9*w. Suppose -31*j + w = -25*j. Calculate the remainder when 219 is divided by j.
11
What is the remainder when 920 is divided by (-15)/(11/(220/(-25)))?
8
Let k(t) = 152 - t**3 - 130 + 4*t + 2*t**2 - 12*t**2. Let o be k(-10). Calculate the remainder when 75 is divided by (-354)/o*1 + (-1)/(-3).
15
Suppose d + d + 4*j = -14, -5*d + 10 = j. Suppose -5*o + 92 = 4*z, -o - d*z = o - 41. What is the remainder when 174 is divided by o?
14
Calculate the remainder when 7*(-10)/40*-296 is divided by 173.
172
Let g = -3290 - -3411. Calculate the remainder when g is divided by 3.
1
Suppose -11 = -2*b - 5*p + 81, 5*b + 3*p = 211. Let q = -35 - -64. What is the remainder when b is divided by q?
12
Let j = -5938 - -5992. Calculate the remainder when j is divided by 28.
26
Suppose 0*z - 3*z = -4*l - 9401, -3*l = 5*z - 15707. Calculate the remainder when z is divided by 185.
179
Let u = -125 + 125. Suppose 5*c = 5*k + 75, 0*k + 4*k - c + 45 = u. What is the remainder when 13 is divided by (-5)/((-25)/k) + 11?
4
Let q = 3629 - 3424. What is the remainder when q is divided by 73?
59
Suppose -31*p - 45*p = -17*p - 20001. Suppose -2*v + 17 = -51. Calculate the remainder when p is divided by v.
33
Suppose -2*o = 5*n - 64521, -2*n - 52*o + 53*o = -25821. What is the remainder when n is divided by 13?
11
Suppose -158*d + 157*d + 3*g + 1507 = 0, -3010 = -2*d + 4*g. What is the remainder when 4518 is divided by d?
15
Let c = 7 - -24. Suppose -c + 12 = -4*h + 5*d, 3*d = 5*h - 40. Suppose h*w = 19*w - 160. What is the remainder when 38 is divided by w?
18
Suppose 108 = 2*a + 2*a. Let w be (-700)/40*(-8)/28. Suppose 2*m - 18 = -c, -w*m = -c - 0*m + 11. Calculate the remainder when a is divided by c.
11
Suppose 0*u = -4*u + 124. Let z(v) be the first derivative of -27*v**2/2 - 127*v - 83. Calculate the remainder when u is divided by z(-5).
7
Let u(f) = f**2 + 91*f - 12. Let m(s) = -s**2 - 45*s + 5. Let k(q) = 9*m(q) + 4*u(q). What is the remainder when 30 is divided by k(-8)?
0
Let m = -7560 - -7914. What is the remainder when m is divided by 75?
54
What is the remainder when ((-1754)/6*-2 - 51/(-153)) + 5 is divided by 117?
5
Let v = 231 - 105. What is the remainder when v is divided by (-129)/(27/(-15) - (-48)/(-40))?
40
Let b(s) = -4*s - 10. Let o be b(-12). Let f be (-3)/(-6)*o + 4. What is the remainder when 59 is divided by (3 - 5) + f + 0?
17
Let g be 4*1*((-14)/(-4) - 3). Suppose 2*t - 7 = g*z - 19, -26 = 5*t - z. What is the remainder when (332/(-10))/(22/t + 4) is divided by 21?
20
What is the remainder when 189 is divided by (20/2)/((26 + -7)/304)?
29
Let b(a) = 481*a + 59. What is the remainder when 1413 is divided by b(0)?
56
Let c(w) = w**2 - 5*w + 11. Let l be c(3). Let j(r) = 2*r**3 - 7*r**2 - 5*r - 5. Calculate the remainder when 175 is divided by j(l).
40
Suppose -536 + 68 = 6*x. Let c = -16 - x. What is the remainder when c is divided by 18?
8
Suppose -2432 - 7468 = -55*r. Calculate the remainder when r is divided by 46.
42
Let t(c) = 27*c - 5. Let m(o) = 2*o**3 - 14*o**2 + 4*o + 6. Let y be m(7). Suppose 0 = -3*x + 52 - y. Calculate the remainder when t(x) is divided by 16.
13
Suppose -34*l + 749 = -373. What is the remainder when 96 is divided by l?
30
Suppose 266 - 7662 = -4*y + 4*k, 4*k = -3*y + 5526. Calculate the remainder when y is divided by 614.
4
Suppose 35*d + 2155 = 38*d - 4*b, -2*b - 14 = 0. Calculate the remainder when d is divided by 225.
34
Suppose 0 = -31*x + 31164 - 12347. Calculate the remainder when x is divided by 54.
13
Suppose 3*n - 2*u - 594 + 152 = 0, -294 = -2*n + u. Calculate the remainder when 1012 is divided by n.
136
Let n(y) = 13*y**2 - 180*y + 12. What is the remainder when n(20) is divided by 3?
1
Suppose 506 = 8*k + 13*k - 20*k. Calculate the remainder when k is divided by 43.
33
Let r = -309 + 323. What is the remainder when r is divided by (-2)/(-3) + 35/15?
2
Suppose 60*j - 54*j - 9522 = 0. Let h = j + -931. Calculate the remainder when h is divided by 47.
45
Let v = 78 - 88. Suppose 7*m + 104 = 307. Calculate the remainder when m is divided by ((-16)/v)/(((-42)/(-35))/6).
5
Let b(w) = 29*w - 17*w**2 - 62 + 0*w**3 + 77 + w**3. Let m be b(15). Suppose -5*p + m + 90 = 0. Calculate the remainder when 60 is divided by p.
6
What is the remainder when 1430 is divided by (6 + 1855/(-15))/(-3) - (-6)/(-27)?
26
Let d(l) = -43*l - 486. What is the remainder when 209 is divided by d(-13)?
63
Suppose 5*p - 127 - 339 = -2*r, 5*p - 476 = 3*r. Let c = 9 - -3. What is the remainder when p is divided by (-92)/(-6) - (-8)/c?
14
What is the remainder when 2 is divi